s of q.
11
Let w = -141 + 36. Let x = 151 - w. What are the prime factors of x?
2
Suppose -3*y + 4*h = -4695, 4*h + 1726 = -3*y + 6397. List the prime factors of y.
7, 223
Let r = -16274 - -64755. What are the prime factors of r?
48481
Let u be (-4 - (-69)/4)/((-5)/(-120)). Let b = 452 - u. What are the prime factors of b?
2, 67
Let r = 3214 - 1682. List the prime factors of r.
2, 383
Suppose 2*c + 0*c - 860 = 0. Suppose c = 5*k + 5*n, 5*n = 2*n + 12. List the prime factors of k.
2, 41
Suppose 30*q + 150 = -0*q. What are the prime factors of 1/(8024/(-3210)*2 - q)?
3, 5, 107
Suppose -2*t + 0*t + 474 = 0. Suppose -171 = -3*a - 2*h, 5*a - t = -3*h + 47. List the prime factors of (-9)/((-3)/1) + a.
2, 29
Suppose 5*t + 4*l = 57006 - 12381, 0 = -5*t - 5*l + 44630. What are the prime factors of t?
11, 811
Suppose -5*t = 2*i + 10, 2*i = -0*i - 10. Let q be t - -1*(2 - 88). Let u = q - -226. List the prime factors of u.
2, 5, 7
Let t(s) = -1321*s + 11. Let h(v) = -660*v + 5. Let z(d) = -13*h(d) + 6*t(d). What are the prime factors of z(1)?
5, 131
Let z be -1*5 - 48/(-6). Suppose 1178 = 5*o + 3*v - v, -z*o = 3*v - 705. Suppose 0*w - w + o = 0. List the prime factors of w.
2, 59
Let m(b) = 6731*b**3 + 9*b**2 + 5*b. What are the prime factors of m(1)?
5, 19, 71
Suppose 2*x = 15 + 7. Suppose 4*a + 3*b + x = 1939, -1429 = -3*a + 2*b. What are the prime factors of a?
479
What are the prime factors of (-6 + -1)/(-2 + 1499/750)?
2, 3, 5, 7
List the prime factors of (-5 - -6 - -41933) + 126/42.
3, 7, 1997
Let g(w) = 28*w**2 - w - 23. Let d be 120/540 - (-34)/9. What are the prime factors of g(d)?
421
Let i = 103 - 77. Suppose 0 = 30*h - i*h + 412. Let a = -37 - h. What are the prime factors of a?
2, 3, 11
Let q(c) = c**3 - 7*c**2 - 12*c + 17. Let a be q(8). Let i be ((-50)/a - 3)*453/1. Suppose i = 66*l - 65*l. What are the prime factors of l?
151
Let u(t) = 10*t - 119. Let z be u(12). Let r(n) = 517*n**3 - 2*n**2 + n. What are the prime factors of r(z)?
2, 3, 43
List the prime factors of 1064*(1/1*-17)/(-58 - -54).
2, 7, 17, 19
Suppose -69*m = -66*m - 6. Suppose m*w - 245 = 523. Suppose -w = 4*v - 8*v. List the prime factors of v.
2, 3
Let n(v) = -6*v**3 - 17*v**2 - 11*v - 190. List the prime factors of n(-13).
2, 7, 733
Let a(i) = 40*i**2 - 38*i - 33. What are the prime factors of a(-15)?
3, 11, 17
Let y(r) = 1104*r + 2234. List the prime factors of y(8).
2, 11, 503
Suppose -20 = -2*y + 4*u + 10, -2*y - 5*u = 6. What are the prime factors of y + 89*(4 + -1)?
2, 137
Let w(g) = 23*g - 26. Let y(p) = 8*p - 9. Let f(q) = -3*w(q) + 8*y(q). Let s be f(6). Let h = -11 - s. What are the prime factors of h?
13
Suppose -4*j - 136 = 4*j. Let d = j + 18. Let f(r) = 106*r - 2. List the prime factors of f(d).
2, 13
Let l = 4550 - 3183. List the prime factors of l.
1367
Let z = 13739 + -6411. What are the prime factors of z?
2, 229
Let w = 10037 - 4309. List the prime factors of w.
2, 179
Suppose 2*g - 2*i = 42880, 0 = -17*g + 14*g - 3*i + 64332. What are the prime factors of g?
2, 71, 151
Let l(o) = -o**3 - 6*o**2 - 5*o - 10. Let x be l(-6). What are the prime factors of (-17 + -678)*(-8)/x?
2, 139
Let k(y) be the third derivative of -y**6/120 + 11*y**5/60 + y**4/24 + 7*y**3/6 - 25*y**2. Let z be k(11). What are the prime factors of 94/(-18) + 5 + 1930/z?
107
Let f = 8572 + -2281. List the prime factors of f.
3, 233
Let d = -25387 + 38875. What are the prime factors of d?
2, 3, 281
Let m be (-1 + -23)/(-8) + (-8)/2. List the prime factors of (200/3)/m*26400/(-1000).
2, 5, 11
Let n(b) = b**3 - 6*b**2 - 249*b - 220. What are the prime factors of n(39)?
2, 41, 491
Suppose 155402 = -379*k + 405*k. List the prime factors of k.
43, 139
Let o(k) = 54*k - 123. Let z be o(7). Let l = z + 223. List the prime factors of l.
2, 239
Let r(p) = -p**3 - 8*p**2 - 5*p + 14. Let a be r(-7). Suppose a*n + 408 = 12*n. What are the prime factors of n?
2, 17
Let u(y) = 284*y + 5. Let a(v) = 142*v + 3. Let w(m) = -9*a(m) + 4*u(m). Let p be w(-2). Let n = p - 153. What are the prime factors of n?
2, 31
List the prime factors of (-388658)/(-58) + (8 - (0 - -2)).
19, 353
Suppose 3*t = -18 + 102. Suppose -t*r = -30*r + 40. Let i = 5 + r. What are the prime factors of i?
5
Let s(h) = 4495*h - 93. Suppose 0 = 23*b - 19*b - 372. Let v(x) = 243*x - 5. Let i(y) = b*v(y) - 5*s(y). List the prime factors of i(1).
2, 31
Suppose 5*s - 37 = 4*h, -3*h - 13 = s - 9. Let z(w) = w**3 + 2*w**2 + 8*w + 2. What are the prime factors of z(s)?
7, 31
Let r(p) = -p**3 + 54*p**2 + 136*p + 77. List the prime factors of r(51).
2, 463
Let b = 247 + -249. List the prime factors of 573 + 0*(b - (-55)/30).
3, 191
Let l(d) = -253*d + 759. Let a(k) = 84*k - 252. Let s(z) = -7*a(z) - 2*l(z). What are the prime factors of s(-8)?
2, 11, 41
List the prime factors of (-940588)/(-33) + 24/18.
2, 7, 509
Let c be (8 - 9)*6*7. List the prime factors of -10*4644/c - 6/(-21).
2, 7, 79
Let a(p) be the first derivative of 11*p**5/40 + 13*p**4/24 + 5*p**3/3 - 38. Let x(r) be the third derivative of a(r). What are the prime factors of x(5)?
2, 89
Let i(q) be the first derivative of 11*q**2/2 - 7*q + 35. Let a be i(3). List the prime factors of (299/a)/((-2)/(-4)).
23
Let d = -402 + 411. Suppose 27071 = 32*t - d*t. What are the prime factors of t?
11, 107
Let s(v) = v**2 - 9*v + 23. Let f be s(3). Suppose 3470 = f*m + 5*n, -5*n + 2773 = -13*m + 17*m. List the prime factors of m.
17, 41
Let z(s) = 2049*s**2 + s - 15. Let j be z(-3). Suppose 5*a + j = 28*a. What are the prime factors of a?
3, 89
Suppose 2*k + 8 = 8. Let q be ((-10)/6)/(-5)*k/(-2). List the prime factors of ((-146)/5)/(q - (-14)/(-35)).
73
Suppose -14*m + 1705 - 319 = 0. List the prime factors of ((-7513)/m)/((-2)/18).
683
Let r(b) = -9*b**2 - 54*b - 86. Let l(y) = -4*y**2 - 27*y - 43. Let j(m) = 7*l(m) - 3*r(m). What are the prime factors of j(-20)?
97
Suppose 3*t = -2*o + 2, -5 = -5*o + 2*t - t. Suppose 2*j + o = 5. What are the prime factors of (133/(-21))/(j/(-12))?
2, 19
Suppose 0 = -16*b + 35685 - 4325. Suppose -331 = 3*d - b. What are the prime factors of d?
3, 181
Let x(a) = -157*a - 3. Let h be x(-13). Suppose -h + 10277 = 11*r. List the prime factors of r.
7, 107
Let y(c) = 66*c**2 + 3*c - 3. Suppose -22 - 4 = -13*j. What are the prime factors of y(j)?
3, 89
Let j be (45/(-30))/(12/(-16)). Suppose -90 = -l + 3*s + 728, 0 = -j*l - 5*s + 1625. What are the prime factors of l?
5, 163
Suppose 0 = 9*m + 4*m + 429. Let u = 476 - m. What are the prime factors of u?
509
Let a = -2 - 13. Let c = -15 - a. Suppose 2*v - 60 - 34 = c. What are the prime factors of v?
47
Suppose -2*s + 133324 = 5*c, -4*c + 42948 = 3*s - 63714. List the prime factors of c.
2, 3, 11, 101
Suppose 1488 = -249*p + 265*p. What are the prime factors of 128588/p - (-1)/3?
3, 461
Let s = -1387 + 12107. What are the prime factors of s?
2, 5, 67
Let u = -14965 + 28429. What are the prime factors of u?
2, 3, 11, 17
Suppose -5*i + 2 = -18. Suppose 4*k + 2*s = 7*s + 327, -321 = -i*k + 3*s. What are the prime factors of k?
2, 3, 13
Let u(o) = -2*o**3 - 21*o**2 + 66*o - 149. What are the prime factors of u(-26)?
17, 1123
Suppose -264 = -2*m - 2*c - 1276, 0 = 3*m - c + 1510. Let q = m + 1063. List the prime factors of q.
13, 43
Let q = -471 - -480. Suppose 4*b + q*c - 8*c - 4895 = 0, 2430 = 2*b + 4*c. What are the prime factors of b?
5, 7
Suppose 16*b - 20*b = d - 343706, 4*b - 343742 = 5*d. What are the prime factors of b?
2, 23, 467
Suppose -3*j + 16852 = 8*j. What are the prime factors of 6/(-15) - (-4 - j/5)?
2, 5, 31
Suppose 4*v = 4, -4*k + 0*k = 4*v - 24. Suppose k*z - z = 164. What are the prime factors of z?
41
Suppose 0 = -3*b - u + 28, 2*u = u - 5. Suppose 1 = 2*a - b. Suppose -a = -3*v, -3*v - 281 = 3*r - 746. What are the prime factors of r?
3, 17
List the prime factors of ((-501)/2)/((2/3)/(272/(-12))).
3, 17, 167
Suppose 9 = 3*i - 3, -5*l + 605 = 5*i. What are the prime factors of l?
3, 13
Suppose -3*o = w - 8980, -2*o - 1815 = -5*w - 7813. Suppose -o = -7*y - 992. List the prime factors of y.
2, 11, 13
Let m = -43224 + 89443. List the prime factors of m.
46219
Suppose 2127*c - 2263716 = 2001*c. What are the prime factors of c?
2, 13, 691
Suppose -18 = f - 32. Suppose 3*a + f = 4*d, -3*d - a = -2*a 